of f?
2, 11, 17, 19
Let j(i) = i**2 - 8*i - 39. Let q be j(-6). Let u(n) = -77*n + 1. Let h be u(-1). Let v = q + h. What are the prime factors of v?
3, 41
Let r = 20216 + -6116. List the prime factors of r.
2, 3, 5, 47
Let t be -8 + (-2 - -30) + -7. Suppose t*i = -3*f + 10*i + 4080, -4*i = -20. What are the prime factors of f?
5, 271
Let c(n) = -n**2 - 203*n + 28. List the prime factors of c(-30).
2, 2609
Suppose p = 3310 - 3306. Suppose 2680 = 2*n - 3*f, p*n + 728 = 4*f + 6080. List the prime factors of n.
2, 23, 29
Suppose -4*o + 67 = 5*g, -2*g + 8 = -4*o - 2. Suppose g*q - 2*q = -2790. List the prime factors of (-3)/(-9) - 1/(15/q).
3, 7
List the prime factors of (-20 - -338)*(-819)/(-18).
3, 7, 13, 53
Let u = -140 - -145. List the prime factors of 6/u - (-24557)/65.
379
Let r(s) = -2*s**2 - 2*s + 4. Let j be r(-3). Let v be (-8)/(-2) - (j - -10). Suppose -z - f = -103, -v*f - 6 - 4 = 0. What are the prime factors of z?
2, 3
Let v be 24/36*(9 - (0 - -3)). Suppose v*n + w - 171 = 0, -5*w - 23 - 4 = -n. List the prime factors of n.
2, 3, 7
Let c be ((-1)/(-2))/((-9)/(-306)). Let x = c + -11. List the prime factors of 129/x*(-8)/(-2).
2, 43
Suppose -3*i + 125 = -718. What are the prime factors of i?
281
Let r be (-3927)/(-5) - 2/5. Suppose 2*q + 576 = p, -2*p + 1962 = q + r. What are the prime factors of p?
2, 293
Suppose 52*r - 60*r = -72. What are the prime factors of r + 1055 + 4 + 0?
2, 3, 89
Suppose 15*s - 2418 = 28*s. Let m = s - -1094. What are the prime factors of m?
2, 227
Let c = 183 + -191. Let s(r) = r**3 + 3*r**2 + r + 2. Let a be s(-3). List the prime factors of c/32*(-235 + a).
59
Suppose t + 5671 - 22082 = 3*q, t - 16409 = 5*q. What are the prime factors of t?
2, 29, 283
Let l(g) = 16*g + 32. Let c(p) = -2*p**2 - 14*p - 8. Let x be c(-6). Suppose -z - 15 = -x*z. List the prime factors of l(z).
2, 7
List the prime factors of (-30)/56 + (-16)/(-56) - (-36176565)/740.
19, 31, 83
Let k = -102 + 99. What are the prime factors of (-3 - (k + -4)) + 100*3?
2, 19
Let x be 1426/(-69)*(-1 + -11). Suppose -4*p = 48 - x. What are the prime factors of p?
2, 5
Let r = 1420 - -4427. List the prime factors of r.
3, 1949
Let h(q) = -q**2 + 12*q - 10. Let p(v) = v**2 + v - 1. Let t be p(3). Let m be h(t). What are the prime factors of 0*(-1 - m)/2 + 119?
7, 17
Suppose -173*f = -442330 + 185598. List the prime factors of f.
2, 7, 53
Let n(k) = 20*k**3 + 25*k**2 - 18*k - 14. What are the prime factors of n(10)?
2, 19, 587
Suppose 0 = 4*t + y - 145271, 3*t = 2*y - 13785 + 122730. What are the prime factors of t?
23, 1579
Let q = 3580 - 260. What are the prime factors of q?
2, 5, 83
Let z(i) = -i**2 + 24*i - 121. Let w be z(9). What are the prime factors of (-35)/(w/(-70) + (-2 - -2))?
5, 7
Let n(d) = 2*d**2 - 43*d + 43. Let j = 216 + -190. What are the prime factors of n(j)?
277
Suppose 18*v + v - 133 = 0. Suppose -4*q - 8 = 0, 653 = x + 4*q - v*q. List the prime factors of x.
647
What are the prime factors of (7 - 2 - (-63)/(-18)) + 76258/4?
2, 9533
Suppose 0 = -y - 5*u, 0 = 4*y + u - 10 - 9. Suppose 0 = -4*w + 4*r + 6516, 3*w - y*r - 4879 = -0*w. Suppose 443 = 12*l - w. List the prime factors of l.
173
List the prime factors of 12/54 - 2052512/(-126).
2, 3, 5, 181
Suppose 5*s = 49 - 434. Let q = -28 - s. Let z = q - -55. What are the prime factors of z?
2, 13
Suppose -470 = 24*x - 23*x. Let p = x - -837. List the prime factors of p.
367
Let b(p) = 22*p**2 + 33*p - 22. What are the prime factors of b(20)?
2, 3, 11, 13
Suppose -12*w + 27*w = -90. Let d(s) = -2*s**3 - 8*s**2 + 8*s + 14. What are the prime factors of d(w)?
2, 5, 11
Suppose -7*i - 22 - 6 = 0. Let z be 2 + -4*(0 - (-2)/i). Suppose 0 = z*l - 55 - 165. List the prime factors of l.
5, 11
Suppose -897*z + 934*z = 1014947. List the prime factors of z.
27431
Let c(u) = -u**3 + 22*u**2 + 7*u - 164. Let x be c(22). List the prime factors of (-135)/18*((-1088)/x)/(-1).
2, 3, 17
List the prime factors of (1*8/10)/(297/3246210).
2, 1093
Let o(g) = -g**3 + 10*g**2 - 5*g - 2. Let s = 51 + -19. Let f = -25 + s. What are the prime factors of o(f)?
2, 5, 11
Suppose 6*y = 8*y + 8. Let c be (-15 - 1)/y - 1. Suppose 2*f + c*i - 189 = -f, 0 = f + 2*i - 58. What are the prime factors of f?
2, 17
Let m be 1/(36/20 + -2). List the prime factors of m/2 + 2332/88.
2, 3
Let n(y) = -76*y + 150*y - 77*y - 6. Let c = 6 - 12. What are the prime factors of n(c)?
2, 3
Let l be (16/(-5))/(135/(-25) - -5). Suppose l*n + 241 = f + 7*n, -f + 241 = -3*n. What are the prime factors of f?
241
Let x be ((-222)/(-185))/(4/50). Suppose -x*q + 1190 = -13*q. What are the prime factors of q?
5, 7, 17
Let p be -7 - (-2)/(8/20). List the prime factors of 27*(-5 + p - -26).
3, 19
Suppose -12*q - 224 - 280 = 0. List the prime factors of 3 + 6455/7 + q/(-49).
2, 463
Let a be 1 + ((-65)/(-78) - 1/(-6)). Suppose -a*i + 172 = -0*i - 4*w, 4*i - 5*w = 335. List the prime factors of i.
2, 5
Suppose -51101 = -6*r + 50029. List the prime factors of r.
5, 3371
Suppose -4*m = -3*g + 5*g - 41714, 0 = 4*m + 3*g - 41717. List the prime factors of m.
10427
Suppose 2*f = -2*s + 22264, 23*s = 21*s - f + 22262. List the prime factors of s.
2, 3, 5, 7, 53
What are the prime factors of (-258687)/(-33) - (1 - 2)?
2, 5, 7
Let x(l) = -2*l**3 - 11*l**2 - 7*l - 9. Let g be x(-5). Let v = 6 + g. Suppose v*q = 6*q + 50. What are the prime factors of q?
2, 5
Let l be 126 - 12/15*(-2 - 3). What are the prime factors of (2 + 1)/((4/l)/2)?
3, 5, 13
List the prime factors of 31066 + (-10)/4 + (-12 - (-23)/2).
31063
Suppose 3*m - 877 = 2*t, -4*t - 259 = 2*m - 865. Let g = m + -186. What are the prime factors of g?
109
Suppose -51*w = -47*w - 8568. What are the prime factors of w?
2, 3, 7, 17
Suppose 49514 = 38*s - 26030. List the prime factors of s.
2, 7, 71
Let k = 550 - 317. Let s be (4 - (1 + -1)) + k. Suppose 7*q - 10*q = -s. List the prime factors of q.
79
Suppose -4*z - 5*a + 9527 = 0, -4*a + a - 9503 = -4*z. Suppose -6*j - d = -7*j + 474, -5*j = 3*d - z. What are the prime factors of j?
5, 19
Let z = -8892 - -76466. List the prime factors of z.
2, 13, 23, 113
Let g(k) = 31*k + 5. Let h be g(-2). Let b = h - -62. Suppose 675 = 5*p + b*r, 8*p - 5*r = 3*p + 725. List the prime factors of p.
2, 5, 7
Let z(v) = v**3 - 2*v + 3. Let t be z(0). Suppose -t*w + 252 = 5*d, -3*d - w = -7*d + 205. Suppose -5*h = -461 + d. What are the prime factors of h?
2, 41
Let p = -25 - -24. Let v be -4 + (1 - -126) + p. Suppose -4*x + 2*x + v = 0. List the prime factors of x.
61
Let n = -54 - -58. Suppose -3*h = -3, -f - 33 = n*h - 424. List the prime factors of f.
3, 43
Suppose -42*q + 43*q = 28. Suppose 0 = -13*m + 418 - q. List the prime factors of m.
2, 3, 5
Let w(l) = l**2 + 9*l - 65. Let y = -260 - -244. What are the prime factors of w(y)?
47
Let p(y) = -y**3 - 96*y**2 - 163*y - 171. List the prime factors of p(-96).
3, 7, 11, 67
Let x(i) = -4*i + 14. Let y be x(4). What are the prime factors of (301/(-21))/(y/42)?
7, 43
Suppose 553 = -m + 2*z, 2*m + 1701 = -2*z + 595. Let n = m + 1217. What are the prime factors of n?
2, 83
Let r = -22 - -25. Suppose -2*w = -5*b + r - 1, 2 = 2*b - 2*w. Suppose 2*c - 16 = 5*g, -2*c - g = -b*g - 4. List the prime factors of c.
3
Let k = -11317 + 25646. What are the prime factors of k?
7, 23, 89
What are the prime factors of ((-384625)/4875 + (-3)/(-13))*352*-3?
2, 11, 59
Let l be (12/7)/((-8)/(-84)). Let p = 26 - l. Suppose -89 - 271 = -p*q. What are the prime factors of q?
3, 5
Suppose 2*g + 2*s = 10852, 12*s - 9*s + 16302 = 3*g. List the prime factors of g.
2, 3, 5, 181
Suppose 21188 - 66688 = -6*p + 14758. List the prime factors of p.
11, 83
Suppose -85*v + 105*v - 663760 = 0. List the prime factors of v.
2, 8297
Let c = -14 + 17. Suppose 3*m = c*y + m + 2, -5*y - 4*m = -4. Suppose -2*f - 5*d + 0*d + 41 = y, 2*d + 34 = 2*f. What are the prime factors of f?
2, 3
Suppose -6*n + 134262 = 12*n. List the prime factors of n.
7459
Let s(r) be the second derivative of 7*r**4/3 + 13*r**3/6 + 12*r**2 + 280*r. What are the prime factors of s(-8)?
2, 107
Suppose -42*k - 110*k = 25*k - 1072089. List the prime factors of k.
3, 673
Let b be 2 - 1638/(-4) - 3/2. Suppose 0 = -5*o + 6*o - 254. Let n = b - o. List the prime factors of n.
2, 3, 13
Suppose -